2
Suppose -4*y + y = 3*d - 15, d + 25 = 5*y. Suppose -5*o = -18 - 52. What is the remainder when o is divided by y?
4
Let d(v) = -3*v - 4. Calculate the remainder when 26 is divided by d(-4).
2
Suppose -10*y = -6*y - 180. Calculate the remainder when y is divided by 24.
21
Suppose -4*b + 15 + 37 = 0. What is the remainder when b is divided by 5?
3
Let h be 6/(-4) + 245/14. Calculate the remainder when 204/h + 1/4 is divided by 8.
5
Let b = 11 - 2. Suppose b = 2*s - 9. Calculate the remainder when 3 + ((-36)/(-3) - -1) is divided by s.
7
Suppose -4*p - 4*t = 0, t = -5*p + 2*p. Calculate the remainder when 14 is divided by ((-6)/(-2))/(p - -1).
2
Let y be ((-5)/(-15))/(2/54). Calculate the remainder when 17 is divided by (-6)/(-9) + 75/y.
8
Suppose 27 = 3*c + u, -27 + 7 = -c - 4*u. Suppose 0*g = -4*g - 4*n + 80, 5*g - 4*n - 55 = 0. What is the remainder when g is divided by c?
7
Suppose -3*y = -2*a + 25 + 12, 0 = 4*a - 5*y - 69. Calculate the remainder when 32 is divided by a.
10
Calculate the remainder when -15*(-2 - 33/9) is divided by 22.
19
Suppose 3*s + 2*l - 19 = -3*l, 3*l + 3 = 0. What is the remainder when 23 is divided by s?
7
Suppose 0 = 3*m - 27 - 111. Calculate the remainder when m is divided by 24.
22
Let a(u) = u + 30. Calculate the remainder when 69 is divided by a(-12).
15
Let w(d) = -d**2 - 20*d - 57. Calculate the remainder when w(-12) is divided by 8.
7
Suppose -o = 5*j + 15, -12 = 4*j - o + 6*o. What is the remainder when j*(-3)/9 + 33 is divided by 18?
16
Suppose 3*p - 5 - 7 = 0. Suppose 2*g = -2*g + 4*t + 28, 5*g - 17 = -p*t. What is the remainder when 12 is divided by g?
2
Let p(g) = -g**3 + 2*g**2 + 2*g. Let b be p(2). Suppose 3*a = b*w - 94 + 25, w = 3*a + 24. What is the remainder when w is divided by 8?
7
Let q = -3 + 7. Suppose -g - 172 = -q*f + 105, 2*f = -g + 131. What is the remainder when f is divided by 23?
22
Suppose 3*n - 4*j = 161, 140 = 4*n - 2*j - 58. Calculate the remainder when n is divided by 10.
7
Suppose -2*u - 2*u + 3*j = 9, 2*j = 5*u + 13. Let t = 14 - u. Let a(n) = n**3 + 3*n**2 - 7*n - 6. What is the remainder when t is divided by a(-4)?
5
Let j be (-20)/6*(-15)/(-10). Let n = -5 - j. Suppose -5*t = 0, 0 = -n*f - 3*f - t + 114. What is the remainder when f is divided by 20?
18
Suppose 0 = -4*i + 32 - 12. Suppose -2*p - 4*s - 2 = 0, 18 + 7 = i*p + 4*s. What is the remainder when 26 is divided by p?
8
Let s = 16 - 4. Calculate the remainder when 45 is divided by s.
9
Let r = 83 - 38. Suppose k - r = -4*k. Calculate the remainder when 33 is divided by k.
6
Suppose -p - 5*y + 66 = 0, -2*p - 4*y = -7*p + 185. What is the remainder when p is divided by 22?
19
What is the remainder when (-2)/(7 - 1)*-219 is divided by 25?
23
Let p(l) = 3 + 2 + 5*l - 7 + 1. What is the remainder when 10 is divided by p(1)?
2
Let q(j) = 3*j**3 - 3*j**2 + 4*j - 3. Calculate the remainder when q(3) is divided by 13.
11
Let w be 126/(-24) - 2/(-8). Let k = 6 - w. Let c(h) = -h**3 + 11*h**2 - h + 12. What is the remainder when 3 is divided by c(k)?
0
Suppose -6*o = 5*o - 77. Calculate the remainder when 54 is divided by o.
5
Let i be 0 + -1 - (2 + -1). Let u = i + 9. What is the remainder when 12 is divided by u?
5
Suppose u - 2 = 10. Calculate the remainder when 68 is divided by u.
8
Suppose 0 = -5*s - 4*g + 40, 3*s - 2*g - 2 = -0*g. Suppose 8*h - 3*h = -4*w + 26, 4*h - 20 = -3*w. What is the remainder when -1 + 6 + (h - 2) is divided by s?
1
Let u(t) = -4*t**3 + t**2 + t + 1. Let m be u(-1). Suppose -3*b + 14 = -m*z - 0, -2*z = 5*b - 75. Calculate the remainder when 24 is divided by b.
11
Suppose 4*z = 16, g + 28 = 5*g + 3*z. Suppose 218 = 4*t - 2*v - 32, g*t = v + 247. What is the remainder when t is divided by 21?
19
Let r = 70 + -47. What is the remainder when r is divided by 5?
3
Let s(u) = -78*u + 4. Calculate the remainder when s(-1) is divided by 43.
39
Suppose 3*u = 8*u - 75. Suppose -u - 6 = -3*v. Suppose 0 = -v*q + 2*q + 95. Calculate the remainder when q is divided by 10.
9
Let w = -23 + 52. Let t = 6 + -23. Let a = w + t. What is the remainder when 34 is divided by a?
10
Suppose 0 = v + 4*v - 5. Let p = v - -4. Calculate the remainder when 12 is divided by p.
2
Suppose f + 36 - 13 = 0. Let s be f*(-2 - (2 + -2)). Suppose y + y = s. Calculate the remainder when 67 is divided by y.
21
Let w be (0 + 256 + -2)/2. Suppose 3*l - w + 45 = p, p = 4*l - 111. What is the remainder when l is divided by 16?
13
Suppose -5*l + 17 = 4*a, -a - 22 = -4*l - 0*a. Let s = -23 - -32. Calculate the remainder when s is divided by l.
4
Suppose -5*n + 58 + 0 = 3*c, -5*c = -n - 50. What is the remainder when 20 is divided by c?
9
Calculate the remainder when (37/(-3))/((-8)/24) is divided by 8.
5
Suppose -4*v + 124 = -4*x, 3*v - x - 3*x - 92 = 0. Let r(k) = 23*k + 1. Let f be r(-1). Let p = f - -33. What is the remainder when v is divided by p?
10
Suppose -4*x + 37 = 3*h, -2*h = 2*x - 10 - 12. What is the remainder when 2 + -1 + -1 + h is divided by 5?
2
Let c(t) = -t**2 - 9*t. Calculate the remainder when 21 is divided by c(-8).
5
Let o = -7 - -7. Suppose -4*f + 13 - 1 = o. What is the remainder when 8 is divided by f?
2
Let z(r) = r**3 + 2*r**2 - 4*r. Let f be 6/(-10) - 162/30. Let o = 9 + f. What is the remainder when z(o) is divided by 17?
16
Let n be 3/(-7) + 9/21. Suppose n = -0*k + k - 129. Calculate the remainder when k is divided by 33.
30
Let m(v) = -v**3 - v - 3. Let b be m(0). Let w(c) = -c**3 + 5*c + 4. What is the remainder when w(b) is divided by 6?
4
Suppose 0*y = 4*y + 4. Let d(v) = -20*v**3 + v. What is the remainder when d(y) is divided by 10?
9
Let c = -39 - -49. Calculate the remainder when c is divided by 6.
4
Let z = 17 - -1. What is the remainder when z is divided by 10?
8
Let x = 4 + -7. Calculate the remainder when 47 is divided by (-3)/x + -3 - -18.
15
Let c = 6 - 24. Let a = -9 - c. What is the remainder when a is divided by 5?
4
Calculate the remainder when (-1 - (3 + 62/(-4)))*2 is divided by 12.
11
Let c(j) = 5*j**2 - 4*j - 5. Calculate the remainder when c(4) is divided by 20.
19
What is the remainder when 25/(-30)*3*(-66)/5 is divided by 14?
5
Let w be (-2 + 0)*(-2)/4. Let s be w/3 - (-56)/12. Suppose -7*n + 2*n = -s*g + 45, 5*g - 54 = -4*n. What is the remainder when 39 is divided by g?
9
Suppose 11*j = 14*j - 309. Calculate the remainder when j is divided by 27.
22
Suppose 0*u - 135 = -5*u. What is the remainder when u is divided by 10?
7
Let s(d) = 7*d**2 - 4*d - 1. What is the remainder when 36 is divided by s(2)?
17
Suppose -3*j - 9 = -2*r + 5*r, 3*r = 5*j - 25. Let g be 11/(1 - j) - 3. What is the remainder when (-284)/(-14) + 4/g is divided by 7?
6
Suppose 3*a - 27 - 15 = 0. Let l = 105 + -64. What is the remainder when l is divided by a?
13
Let d = 34 - 21. What is the remainder when 21 is divided by d?
8
Let n(b) = b**3 + 6*b**2 + 13. What is the remainder when n(-6) is divided by 5?
3
Suppose -18 - 12 = -2*s. Let l(y) = y**2 + 7. What is the remainder when l(-6) is divided by s?
13
Let t(g) = 3*g + 3. Let i be t(-8). Let q = -2 - i. Suppose 4*m = q - 7. What is the remainder when 7 is divided by m?
1
Suppose 0 = -9*l + 4*l. Suppose -z - 3*z = l. Suppose -u = -z*u - 65. Calculate the remainder when u is divided by 22.
21
Suppose 2*v - 28 = -2*v. Suppose 7 = f - 1. Calculate the remainder when f*(-3)/2*-1 is divided by v.
5
Suppose -4*g = 2*z - 118, 0 = -3*z - g + 260 - 73. Let r = z - 107. What is the remainder when ((-3)/2)/(3/r) is divided by 8?
6
Suppose 2*p - l - 82 = -4*l, 19 = p - 4*l. Calculate the remainder when 102 is divided by p.
32
Let q = -40 + 66. What is the remainder when q is divided by 14?
12
Let n be ((-6)/(-4))/(4/8). Suppose 5*o + 5*q - 60 = 0, 26 = 3*o - n*q + q. Calculate the remainder when o is divided by ((-12)/2 - 0)*-1.
4
Let g = 169 + -101. Suppose 3*m + g = 5*m. Calculate the remainder when m is divided by -12*(-2)/4*2.
10
Let q = -17 + 31. Calculate the remainder when 53 is divided by q.
11
Let u = -7 + 30. Let n(l) = -l**2 - 5*l + 14. Calculate the remainder when u is divided by n(-6).
7
Suppose -3*r = -r - 8, -c = -2*r + 3. What is the remainder when 54 is divided by c?
4
Suppose 2*k = 3*k, -3*q + 3*k + 78 = 0. Calculate the remainder when q is divided by 7.
5
Le